 2212384.
2, 47, 1471
What are the prime factors of 167697?
3, 6211
What are the prime factors of 121065?
3, 5, 7, 1153
What are the prime factors of 14261305?
5, 19, 7901
List the prime factors of 3814386.
2, 3, 635731
List the prime factors of 446246.
2, 23, 89, 109
List the prime factors of 1115180.
2, 5, 11, 37, 137
List the prime factors of 2594914.
2, 7, 17, 10903
What are the prime factors of 10139304?
2, 3, 7, 60353
List the prime factors of 31750.
2, 5, 127
What are the prime factors of 3073674?
2, 3, 23, 22273
What are the prime factors of 5741624?
2, 7, 97, 151
What are the prime factors of 606040?
2, 5, 109, 139
List the prime factors of 1188641.
569, 2089
List the prime factors of 2231815.
5, 446363
What are the prime factors of 539012?
2, 134753
What are the prime factors of 37559058?
2, 3, 6259843
What are the prime factors of 15309147?
3, 7, 607, 1201
What are the prime factors of 19812?
2, 3, 13, 127
List the prime factors of 10431741.
3, 19, 197, 929
List the prime factors of 4252724.
2, 7, 151883
List the prime factors of 377241.
3, 41, 3067
List the prime factors of 2647940.
2, 5, 43, 3079
What are the prime factors of 13122330?
2, 3, 5, 13, 33647
List the prime factors of 24452806.
2, 7, 1746629
What are the prime factors of 211816?
2, 11, 29, 83
List the prime factors of 110898.
2, 3, 61, 101
List the prime factors of 585138.
2, 3, 97523
List the prime factors of 5304760.
2, 5, 132619
List the prime factors of 137893.
7, 19699
List the prime factors of 561236.
2, 13, 43, 251
What are the prime factors of 173454?
2, 3, 28909
What are the prime factors of 22822997?
433, 52709
List the prime factors of 14379272.
2, 67, 139, 193
List the prime factors of 11034393.
3, 3678131
List the prime factors of 13480969.
29, 59, 7879
List the prime factors of 1450863.
3, 23, 43, 163
What are the prime factors of 6788360?
2, 5, 169709
What are the prime factors of 3318517?
163, 20359
List the prime factors of 764245.
5, 353, 433
What are the prime factors of 738138?
2, 3, 43, 2861
List the prime factors of 311294.
2, 317, 491
What are the prime factors of 857874?
2, 3, 142979
What are the prime factors of 65976?
2, 3, 2749
What are the prime factors of 1386470?
2, 5, 138647
What are the prime factors of 17401205?
5, 173, 20117
What are the prime factors of 81454?
2, 139, 293
What are the prime factors of 8356335?
3, 5, 13, 42853
What are the prime factors of 465274?
2, 59, 3943
What are the prime factors of 1254509?
137, 9157
List the prime factors of 239767.
11, 71, 307
List the prime factors of 8406125.
5, 7, 13, 739
List the prime factors of 65104.
2, 13, 313
List the prime factors of 2128092.
2, 3, 37, 4793
List the prime factors of 25289135.
5, 71, 71237
What are the prime factors of 780086?
2, 390043
What are the prime factors of 12811777?
11, 47, 24781
What are the prime factors of 15169992?
2, 3, 632083
List the prime factors of 14697865.
5, 7, 13, 32303
List the prime factors of 5486552.
2, 685819
List the prime factors of 728393.
29, 25117
List the prime factors of 4407258.
2, 3, 734543
What are the prime factors of 369123?
3, 41, 3001
List the prime factors of 18153717.
3, 37, 67, 2441
What are the prime factors of 2180408?
2, 479, 569
What are the prime factors of 15972331?
19, 67, 12547
What are the prime factors of 738109?
738109
What are the prime factors of 8051439?
3, 11, 269, 907
What are the prime factors of 674845?
5, 139, 971
What are the prime factors of 13647745?
5, 2729549
What are the prime factors of 10943423?
23, 137, 151
What are the prime factors of 4928558?
2, 2464279
List the prime factors of 171660.
2, 3, 5, 2861
What are the prime factors of 1009931?
13, 77687
What are the prime factors of 2642923?
109, 24247
List the prime factors of 677012.
2, 7, 24179
What are the prime factors of 807706?
2, 223, 1811
What are the prime factors of 4373549?
89, 157, 313
List the prime factors of 35468457.
3, 269, 43951
What are the prime factors of 224467?
224467
What are the prime factors of 6066657?
3, 74897
List the prime factors of 12057193.
12057193
List the prime factors of 146013.
3, 7, 17, 409
What are the prime factors of 9326644?
2, 19, 122719
List the prime factors of 249916.
2, 43, 1453
What are the prime factors of 2082857?
7, 17, 23, 761
What are the prime factors of 2846213?
43, 66191
What are the prime factors of 114887?
131, 877
What are the prime factors of 2106782?
2, 317, 3323
What are the prime factors of 149924?
2, 37, 1013
List the prime factors of 315322.
2, 7, 101, 223
What are the prime factors of 521272?
2, 23, 2833
List the prime factors of 1357163.
1357163
What are the prime factors of 967856?
2, 241, 251
What are the prime factors of 101995?
5, 20399
What are the prime factors of 169974?
2, 3, 7, 19, 71
What are the prime factors of 802357?
802357
List the prime factors of 2043506.
2, 1021753
What are the prime factors of 956330?
2, 5, 95633
What are the prime factors of 577465?
5, 7, 2357
List the prime factors of 6509217.
3, 11, 13, 15173
List the prime factors of 60580.
2, 5, 13, 233
What are the prime factors of 424394?
2, 443, 479
What are the prime factors of 154124?
2, 53, 727
List the prime factors of 93615.
3, 5, 79
List the prime factors of 369509.
7, 7541
What are the prime factors of 520296?
2, 3, 7, 19, 163
What are the prime factors of 418905?
3, 5, 29, 107
What are the prime factors of 13961354?
2, 11, 29, 79, 277
What are the prime factors of 657042?
2, 3, 109507
What are the prime factors of 2972295?
3, 5, 41, 179
What are the prime factors of 5421500?
2, 5, 7, 1549
List the prime factors of 18078927.
3, 6026309
List the prime factors of 6700972.
2, 29, 61, 947
What are the prime factors of 11038?
2, 5519
What are the prime factors of 361113?
3, 120371
What are the prime factors of 1735046?
2, 827, 1049
List the prime factors of 25768729.
7, 97, 37951
What are the prime factors of 2310064?
2, 144379
What are the prime factors of 12258163?
12258163
List the prime factors of 1903261.
41, 61, 761
What are the prime factors of 44948136?
2, 3, 17, 41, 2687
List the prime factors of 21162372.
2, 3, 7, 11, 37, 619
What are the prime factors of 487647?
3, 18061
What are the prime factors of 2497500?
2, 3, 5, 37
List the prime factors of 615712.
2, 71, 271
What are the prime factors of 69316?
2, 13, 31, 43
List the prime factors of 2393148.
2, 3, 199429
What are the prime factors of 401796?
2, 3, 11161
What are the prime factors of 726223?
17, 42719
List the prime factors of 8968148.
2, 7, 320291
What are the prime factors of 18559520?
2, 5, 7, 73, 227
List the prime factors of 103728.
2, 3, 2161
List the prime factors of 187435.
5, 19, 1973
What are the prime factors of 16055766?
2, 3, 73, 4073
List the prime factors of 207737.
293, 709
What are the prime factors of 817454?
2, 11, 73, 509
What are the prime factors of 6286838?
2, 17, 179, 1033
What are the prime factors of 307289?
307289
What are the prime factors of 4416447?
3, 7, 17, 89, 139
What are the prime factors of 373890?
2, 3, 5, 11, 103
List the prime factors of 1616098.
2, 11, 73459
List the prime factors of 2328864.
2, 3, 17, 1427
List the prime factors of 43970.
2, 5, 4397
What are the prime factors of 17696138?
2, 37, 239137
List the prime factors of 12583592.
2, 7, 47, 683
List the prime factors of 2833317.
3, 314813
What are the prime factors of 439440?
2, 3, 5, 1831
List the prime factors of 29666.
2, 7, 13, 163
List the prime factors of 826147.
7, 107, 1103
What are the prime factors of 1156138?
2, 487, 1187
What are the prime factors of 429729?
3, 143243
List the prime factors of 312357.
3, 104119
What are the prime factors of 4584202?
2, 7, 327443
What are the prime factors of 4097581?
41, 139, 719
List the prime factors of 3533090.
2, 5, 11, 32119
List the prime factors of 3371440.
2, 5, 17, 37, 67
List the prime factors of 3092516.
2, 7, 19, 5813
What are the prime factors of 838568?
2, 37, 2833
List the prime factors of 250486.
2, 125243
What are the prime factors of 653167?
29, 101, 223
What are the prime factors of 2824368?
2, 3, 29, 2029
List the prime factors of 5199532.
2, 13, 99991
List the prime factors of 1443470.
2, 5, 7, 17, 1213
List the prime factors of 1361876.
2, 23, 113, 131
List the prim